) = -8*k**2 - 7*k - 2. Let b(m) = 2*n(m) - 3*o(m). What is b(f)?
14
Let q(u) be the first derivative of u**2 + 95 + 0*u - 1/2*u**4 + 1/3*u**3. Calculate q(2).
-8
Let x(s) = -s**3 + 4*s**2 - s + 1. Let a = -100 - -70. Let p be (-624)/65*(-20)/6. Let z = a + p. Calculate x(z).
7
Let f(n) be the second derivative of n**3/6 - n**2 - 5*n. Let c(i) = i**3 + 114*i**2 + 653*i + 543. Let p be c(-108). What is f(p)?
1
Suppose -5*r = -11 + 1. Let b = -2849 + 2851. Let v(z) = 4*z**r + z**3 - 2*z**b - 37*z + 2 + 33*z. Determine v(-4).
-14
Let v(r) = -343*r + 89 - 88*r - 9 + 445*r. Determine v(-6).
-4
Let p(o) be the first derivative of 3*o**4/4 - 31*o**3/3 - 19*o**2/2 - 27*o - 826. Give p(11).
6
Suppose -5*t = -0*t + 25. Let n(q) = -2*q**2 + 33*q - 43. Let i(w) = -3*w**2 + 49*w - 65. Let l(a) = t*i(a) + 8*n(a). Calculate l(18).
-1
Let h(u) be the second derivative of -5*u**2 - u**3 + 1/12*u**4 + u - 97. Suppose -r = -0*r - 8. What is h(r)?
6
Let k(b) be the third derivative of -b**7/2520 - b**6/72 + 23*b**5/12 + b**4/24 - 11*b**2 + 3*b. Let o(j) be the third derivative of k(j). Determine o(7).
-24
Let r(a) = 87*a**2 - 279*a + 53. Let g be r(3). Let p(w) = -6*w**2 + 0*w**2 - 2*w + w. Calculate p(g).
-5
Let l(x) = 4*x - 2. Let h(p) = -p**2 - 13*p + 2. Let j be h(-13). Let o(y) = -9*y + 1. Let s(r) = j*l(r) + o(r). What is s(-6)?
3
Let r(u) = 3*u**2 - 16*u - 1. Let o(l) = 33*l**2 + 324*l - 57. Let q be o(-10). Determine r(q).
-22
Let f(u) be the first derivative of -5*u**3 - 5*u**2/2 - 4*u - 1369. Calculate f(-1).
-14
Let d be (2/(-4))/((-4)/(-48)). Let g(r) be the third derivative of r**4/12 + 2*r**3/3 - 25187*r**2. Give g(d).
-8
Let m(z) = -17*z**2 + 47*z + 7. Let q be m(3). Let f(l) be the second derivative of 2*l + 0*l**2 - 1/12*l**4 - 5/6*l**3 + 0. Calculate f(q).
0
Let x(h) be the first derivative of -h**4/4 + 4*h**3/3 - 3*h**2/2 - 2*h - 50. Suppose 82 - 118 = -12*z. Give x(z).
-2
Let v(i) = 27*i - 66. Let r be (-1 + 2 + -5)/(568/(-426)). Calculate v(r).
15
Let h(v) = -132*v - 133. Let d be h(-1). Suppose 2*i = i. Let l(p) = -20*p + i + 1 + 27*p. Give l(d).
-6
Suppose -4*s + 32 - 8 = 0. Suppose 0 = a - l - 1, 4 = 4*a - l - s. Let d(y) be the third derivative of y**4/6 - y**3/6 + y**2 + 7*y. Give d(a).
11
Suppose -2*o = -5*u - 6*o - 45, u + 5*o + 30 = 0. Let n be -4 + -3 + (-40 + 5)/u. Let b(a) = a + 2. Calculate b(n).
2
Let z(k) = k**2 - 18*k + 79. Suppose -4*t + 42 = -2*j, 5*t + 21 = 2*j + 73. Calculate z(t).
-1
Let i = -4379 - -4371. Let w(c) = -c**3 - 6*c**2 - c + 15. Give w(i).
151
Let d(b) = 6*b - 5. Let r = -714 - -275. Let u = -444 - r. Calculate d(u).
-35
Let d(c) = c**2 - 24*c - 42*c - 31*c + 92 + 76*c. Give d(7).
-6
Let h(f) be the second derivative of -f**5/20 - f**4/4 - 7*f**3/6 - 4*f**2 + 9464*f. Give h(-4).
36
Let v(i) = i - 6. Suppose 31 = -p - 5*o, -5*p + 4 - 49 = 3*o. Determine v(p).
-12
Suppose 13*p - 24*p = 0. Let i(q) be the second derivative of -2/3*q**3 + 1/12*q**4 + 0 + p*q**2 + 8*q. Determine i(4).
0
Let w(h) = h**3 - 12*h**2 + 10*h + 7. Suppose 2*a - 2 = -3*d - 11, 0 = -a + d - 17. Let y be 6/(-9)*(126/a + -6). What is w(y)?
-4
Suppose -3738 = 224*s - 117*s + 160*s. Let t(q) = 4*q - 14. Give t(s).
-70
Suppose -81 = 2426*f - 2435*f. Let p(g) = g**3 - 9*g**2 + 12. What is p(f)?
12
Let t(h) = -h**3 - 9*h**2 - 7*h + 1. Let i(f) = -2*f**2 - 22*f + 16. Let p be 0*(15/10 + -2). Suppose p = 11*q - 16*q - 60. Let u be i(q). Calculate t(u).
-7
Let c(y) = 51*y**3 + y**2 + 2*y + 1. Let m be (2/12)/(158/(-711)) + (-2)/8. Determine c(m).
-51
Let m(o) be the second derivative of -o**4/12 - 5*o**3/2 - 6*o**2 + o. Suppose -5*t - 245 = -5*w + 605, w + t = 172. Suppose 9*d - 45 = -w. Determine m(d).
2
Let j(z) be the first derivative of -z**3/3 + 17*z**2/2 + 257*z - 268. Let g(o) be the first derivative of j(o). Calculate g(15).
-13
Let j(n) = -14*n - 33. Let k(f) = f**2 + 229*f - 1416. Let h be k(6). Give j(h).
51
Let k(n) be the first derivative of -n**3/3 - 3*n**2 + 6*n - 197. Let c(s) = -2*s**3 + 11*s**2 + 6*s - 8. Let l be c(6). Give k(l).
-10
Let c(m) = m**2 - 5*m - 3. Let n(t) = -t + 21. Let h be -4 - 24/(-4) - 2. Suppose h = 3*d + 2*y - 52, -d + 2*y = -5*d + 66. Let f be n(d). Determine c(f).
11
Let y be (2 - 3)*-2 - (-547 + -52). Let r(w) = 16 + 599*w - y*w - 8. Let z = 3 + 3. Calculate r(z).
-4
Suppose 2*y + 2*y = -4*p + 16, 2*p = 3*y + 13. Let i(k) be the third derivative of k**5/10 + k**4/24 + k**3/6 - 13*k**2. What is i(y)?
6
Let v(t) = 11*t**2 + 0*t + t - 13 + 332*t**3 - 337*t**3 + 6. Let i(h) = -h + 4*h**2 - 4*h**3 + 2*h - 6 + 6*h**2. Let f(j) = -6*i(j) + 5*v(j). Calculate f(-5).
6
Let z(h) = -h**3 - h - 36. Let i be z(0). Let v = 35 + i. Let p(d) be the third derivative of d**5/10 - d**4/12 - d**3/6 + 5*d**2. Give p(v).
7
Let i(f) be the third derivative of f**6/120 + 3*f**5/10 + 17*f**4/12 + 5*f**3 - 2*f**2 - 3. Let h be i(-16). Let j(d) = d + 1. Calculate j(h).
-1
Let f(v) = -7*v + 59. Let p be ((17 - 31)/(4 - 0))/((-22)/44). What is f(p)?
10
Let t(s) be the third derivative of s**5/30 - s**3/6 + 4584*s**2. Suppose 0 = 2*z + 2. Let r = z + 0. What is t(r)?
1
Let g(h) = 10*h + 27 - 3019*h**3 - 10*h**2 + 1511*h**3 + 1507*h**3. What is g(-11)?
38
Let l(v) = v + 3. Let m be -3 - (3*8)/(-2). Let y be m/81 - (-26)/9. Let c be l(y). Let i(t) = t**2 - 7*t + 7. Give i(c).
1
Let o = 1049 - 1056. Let j be (-4)/(-14) + 141/21. Let t(u) = -u**2 + 4 + u - 3 + j - 8*u. Calculate t(o).
8
Let t(b) = -b**2 - 6*b + 22. Let s(f) = f**3 - 6*f**2 + 47*f - 219. Let l be s(5). Calculate t(l).
-5
Let s be (-909)/(-72) + 3/8. Suppose 9*p = s*p - 8. Let k(l) = -95*l**2 - l**3 + 50*l**p + 50*l**2 + 5 + 2*l. Calculate k(5).
15
Let h be (-80)/(-70) + 7 + (-316)/56. Let w(l) be the second derivative of 0 - 7/6*l**3 + h*l**2 - 1/20*l**5 - 18*l + 5/12*l**4. Give w(4).
-7
Suppose -2*p = 3 - 23. Suppose 16*r - 18 = p*r. Let k(y) = y**3 - 4*y**2 + 2*y + 2. Determine k(r).
-1
Suppose 0*d = -3*h + d - 48, 4*h = 2*d - 62. Let g be 11 + h + (-16)/(-2). Let b(x) = 4*x**2 - 3*x + 2. Determine b(g).
12
Let b(p) = 2*p + 3*p - 3 - 3*p + 132*p**3 - 131*p**3 + 2*p. Determine b(2).
13
Let k(j) = -6*j**3 - 41*j + 44*j + 8*j**2 + 4 + 7*j**3 - 3*j**2. Let b be (2 + 0)*(-4 + 2). Determine k(b).
8
Let d(x) be the first derivative of -7*x**2/2 - 7*x + 1490. Give d(-4).
21
Let r = 9 - 2. Let w(s) = -18*s + 30*s + r - 13*s. Let z(v) = 3*v + 33. Let q be z(-9). Give w(q).
1
Let t(g) = -120 - 117 - 6*g + 243. Calculate t(3).
-12
Let m = -349 + 348. Let c(x) = 6*x - 8. Let t(i) = i - 1. Let f(b) = m*c(b) + 5*t(b). Calculate f(7).
-4
Suppose 2*x + 14 = -a, 184*a - 180*a = 3*x + 10. Let r(g) = g**3 + 6*g**2 - 2*g - 9. What is r(x)?
3
Let v(l) = -6*l**2 - 43*l - 4. Let s be v(-7). Let p(t) = -3*t + 6*t**s - 10 - 3*t**3 + 2*t**2 - 4*t**3 + 4*t**2 + 3. Determine p(5).
3
Let l(p) be the third derivative of -p**5/60 - p**3/6 + 1329*p**2. Calculate l(2).
-5
Let m(q) be the first derivative of -7*q**2/2 + 47*q + 11103. Calculate m(4).
19
Let m be -4 + -1 + 5*(-168)/105. Suppose 0*n = 4*n + 16, -4*x + 84 = -4*n. Let f(c) = c + c**3 - c**3 + x + c**3 + 13*c**2. What is f(m)?
4
Let f(w) = -801485*w - 4 + 801498*w + 2. What is f(6)?
76
Let m be (-16424)/96 + 3/36. Let v be m/36 + 15/100*5. Let k(s) = s**2 + 10*s + 4. Calculate k(v).
-20
Let l be -7*((-8)/18 - (-12190)/(-1449)). Let i = 33 + 19. Let q = i - l. Let t(y) = -y**3 - 9*y**2 + 12*y + 15. Determine t(q).
-5
Let h(w) = -11*w**2 + 67*w + 52. Let u(b) = 252*b**2 - 1540*b - 1211. Let q(o) = -70*h(o) - 3*u(o). Calculate q(5).
-7
Let h(q) = -11*q + 2. Let w(o) = -4*o + 6. Let c(d) = -h(d) + 3*w(d). Suppose -g = -15 + 1. Give c(g).
2
Let z(r) = r + 1490 + 0*r - 1493. Let j(o) = -o**2 + 13*o - 14. Let i be j(12). Determine z(i).
-5
Let t(w) = -345*w + 38983. Let n be t(113). Let i(v) = -3*v. Let h(u) = 16*u + 1. Let b(s) = 2*h(s) + 11*i(s). Calculate b(n).
4
Let y(b) = 232 - 14*b + b**2 - 119 - 111. Give y(13).
-11
Let g(d) = d**3 + 3*d**2 + d. Let j be g(-3). Let q(b) be the second derivative of b**5/20 + 5*b**4/12 + b**3/3 + b**2/2 + 5662*b - 1. Determine q(j).
13
Let n(b) = b - 1. Suppose 5*f = -87 - 723. Let m be ((-20)/9)/(36/f). Determine n(m).
9
Let q(y) be the second derivative of -y**3/3 + 59*y**2/2 + 21*y. Let h be q(28). Let c be (-6